s the units digit of 6946/8 - (-7)/(-7 + -21)?
8
Suppose -26 = -6*k - 8. Suppose -2*o - 166 = -3*w, k*w + w + 3*o = 193. What is the tens digit of w?
5
Let h = -4 + 17. Let v = h - 27. Let t = v - -35. What is the tens digit of t?
2
Let j be 90/12*8/12. Suppose -40 = -5*d - j*a, -2*a - 2 = -d - 3*d. What is the units digit of d?
3
Let j(k) be the third derivative of k**6/120 + 2*k**5/15 + 13*k**4/24 + 2*k**3 + 6*k**2. Let v be j(-8). What is the units digit of (v/2 - 2)*-1?
8
Suppose 50*m = 51*m - 2426. What is the thousands digit of m?
2
Suppose 1 - 10 = -3*q. Let u(y) = 6*y**2 + 7*y - 10. What is the units digit of u(q)?
5
Suppose 21 = -13*t + 10*t. What is the tens digit of -120*(56/12)/t?
8
Let d(f) = -f**3 - 7*f**2 + 4*f. Let c be (4/(-1))/(6/9). Let o be d(c). Let r = -42 - o. What is the units digit of r?
8
Suppose -d + k + 3*k = 16, -4*d + k = -11. Suppose -3*a - 2*a = d*p - 2, -5*p = -a + 12. What is the units digit of a?
2
Suppose 6*r + 219 = 615. Suppose -m + 3*y - 7*y = -22, -3*m + r = -2*y. What is the tens digit of m?
2
Let h = 8 + 8. Suppose 4*k - 48 = -4*u - h, k = 3*u. Suppose k*p - 140 = p. What is the units digit of p?
8
Suppose -7*u - 812 = -5152. What is the tens digit of u?
2
Suppose 258 = 4*x + 2*x. Suppose -11*p + 10*p = -x. What is the tens digit of 6/(-4)*(9 - p)?
5
Let f(y) = -2*y - 5. Let u be f(13). Let k = 13 - u. What is the units digit of k?
4
Let a(v) = v**3 + 6*v**2 - 3*v - 2. Let y be a(-4). Suppose -y = -3*u - 3*u. Suppose -9*k = -u*k - 48. What is the units digit of k?
4
Let c = -2 + 191. Let r = 267 - c. What is the tens digit of r?
7
Let r(x) = -26*x**3 - 2*x**2 + 2*x + 4. What is the tens digit of r(-1)?
2
Suppose 3*z = -5*q + q + 2290, 5*q + 5*z - 2865 = 0. What is the units digit of q?
1
Let k be 76/(-1) + -2 + 5. Let i = k + 190. What is the units digit of i?
7
Let t = -65 + 20. What is the hundreds digit of 3/(t/(-1752)) - 2/(-10)?
1
Let o = -2 - 0. Let r be 819/7 - (o - -3). Suppose 2*j - r = -2*j. What is the units digit of j?
9
Let r = -67 + 26. Let c = r + 70. What is the units digit of c?
9
Let a(f) = -19*f + 7. Let u = -4 - -1. What is the tens digit of a(u)?
6
What is the units digit of (8 + 3)/((-1)/(-45))?
5
Let z(h) = -11*h - 4. Let r(w) be the second derivative of 2*w**3/3 + 5*w**2/2 - 2*w. Let m be r(-2). What is the units digit of z(m)?
9
What is the thousands digit of (-2)/4*(-53*85 - -1)?
2
Let q be (-4)/(-8)*(-2 + 2). Suppose -4*b - s + 39 = q, 4*b = 3*s + 6 + 37. Let v = b - 4. What is the units digit of v?
6
Let w(a) be the first derivative of 38*a**3/3 - 5*a**2/2 + 8*a + 12. What is the tens digit of w(2)?
5
Suppose -7224 = -3*p + q, 0 = 4*p - 6*q + q - 9643. What is the thousands digit of p?
2
Let k(t) = 174*t**2 + 41*t + 121. What is the tens digit of k(-3)?
6
Let k(v) = v**2 + 4*v - 2. Let d be k(-4). Let p be (-2)/(-4) + (-11)/d. Suppose -40 = 4*u - p*u. What is the tens digit of u?
2
Let z be 3 + (-1)/1 + 3. Suppose 12 = -3*g + z*g. Suppose 0 = c - 21 + g. What is the units digit of c?
5
Let s = 21 - 5. Let m = -15 + s. What is the tens digit of 0 - ((-35)/m + 4)?
3
Let x(t) = -10*t**2 - 3*t + 2 - t**3 + 0 + 13*t**2. Let s be x(2). Suppose -2*o = -2*a - 60, -o = -s*a - 5*a - 26. What is the tens digit of o?
3
Suppose 3*j - 768 = -0*j. Suppose -4*n + 3*m + j = 0, n - 4*m - 17 = 34. What is the tens digit of n?
6
Let m(u) = 2*u**3 - 9 + 19*u**2 - 13 - u**3 + 13*u + 0. What is the tens digit of m(-18)?
6
Let z(v) = v**3 + 2*v**2 - 6*v + 2. Let g be z(6). Suppose 5*k - g = 3*k. What is the tens digit of k?
2
What is the units digit of 29 + 636 - 1*3?
2
Suppose 0 = -3*d + 179 - 233. Let a be (38/(-6))/((-2)/6). Let n = a + d. What is the units digit of n?
1
Let r be (-2)/3 - 32/(-12). Suppose r*v = -3*v + 110. Let m = v - 13. What is the units digit of m?
9
Let m be (0/(-7))/(-2 + 3). Suppose m = h + 2*y - 268, 4*y = -y - 25. What is the hundreds digit of h?
2
Let t(p) = -2*p**2 - 5*p - 5. Let v be t(5). Let z = -23 - v. What is the units digit of z?
7
Let o(z) = z**2 + 5*z - 37. What is the tens digit of o(14)?
2
Let a = -75 + 78. Suppose a*d = o - 184, 0 = 5*o + 3*d - 8*d - 930. What is the tens digit of o?
8
Suppose -4*g - 27 = 3*r, 0*r - r - 24 = 3*g. What is the units digit of 38 - (3/g)/((-1)/(-6))?
0
Suppose -4*g = g + 10. Let v = g - 1. What is the units digit of 7 - (v + 3)/3?
7
Let n = 5 - 2. Let g be 5/(-2 + 9/n). What is the units digit of 18/10 - (-1)/g?
2
Let t = 13 + -13. Suppose t = i + 2*i - 12. Suppose -5*x - 4*l = -10*x + 63, -2*x - i*l = -42. What is the units digit of x?
5
Let j(o) = -o**3 - 19*o**2 + 19*o - 20. Let f be j(-20). What is the tens digit of (f + 11)/((-1)/(-7))?
7
Let l be (3/(-2))/((-3)/(-12)). Suppose 219*k + 198 = 222*k. Let z = k + l. What is the units digit of z?
0
Let q(w) = -w**2 + 7*w + 1. Let o be q(7). What is the units digit of -6*o*(-20)/15?
8
Suppose -b = 3*q - 135, -52 = 5*b - 2*q - 642. Suppose 0 = -4*o - o + b. What is the units digit of 2 + o - 1/1?
5
Let r(s) = 94*s + 124. What is the hundreds digit of r(10)?
0
Suppose -4*n + 1413 = 449. Suppose -2*h + n = h + 4*d, 5*d - 20 = 0. What is the units digit of h?
5
Let j(f) be the first derivative of -f**5/60 + 7*f**4/24 + 2*f**3/3 + 4. Let c(x) be the third derivative of j(x). What is the units digit of c(-5)?
7
Let a = 43 - 40. Suppose -a*f = 147 - 564. What is the units digit of f?
9
Let l(b) = 3*b - 6. Let j(o) = 5*o**3 + 4*o**2 - o - 2. Let k(g) = -g**2 + 1. Let p(u) = j(u) + 2*k(u). Let c be p(1). What is the units digit of l(c)?
2
Let y = 183 - 123. Suppose 0 = -2*z - z - y. What is the tens digit of (-5)/z - (-270)/8?
3
Suppose 2*z - 4154 = 4*m, -5*z + 6*z - 2065 = -2*m. What is the units digit of z?
1
Suppose -436*b - 8076 = -438*b. What is the hundreds digit of b?
0
Suppose -3*h + 2*u + 2265 = 0, 6*h = 8*h + 2*u - 1510. What is the units digit of h?
5
Suppose -3*k - 570 = 4*s + 2*k, 0 = -2*s - 4*k - 288. Let y = 203 + s. What is the units digit of y?
3
Let n be (10/8)/((-11)/(-44)). Suppose 12 - 37 = -n*k. Suppose 2*m - m + k*x - 23 = 0, -3 = -x. What is the units digit of m?
8
Let n(b) be the third derivative of 5*b**4/8 - 5*b**3 - 27*b**2. What is the units digit of n(14)?
0
Suppose -y + 4760 = 19*y. What is the hundreds digit of y?
2
Let p = 21 + -18. Suppose -9 = -t - 2*t - 3*f, f = -p*t + 9. Suppose 4*s = 3*k - 132, -k + 5*k + t*s = 176. What is the units digit of k?
4
What is the tens digit of 2/(-6) + 1832/24 + 9?
8
Let k(y) = 3*y**3 - 24*y**2 + 5*y + 20. What is the tens digit of k(8)?
6
Let u(o) = -2*o - 18. Let s be u(-10). Suppose -2*w + s = -4*w. What is the units digit of 2/(-1) - 38/w?
6
Let b(a) = -42*a - 10. Let t be b(-13). Suppose 0 = 5*z + c - 3*c - 1340, 2*z + 2*c - t = 0. What is the tens digit of z?
6
Suppose 66 = -2*y + 5*y. Suppose 16*n - y*n = -1134. What is the tens digit of n?
8
Let b(d) be the first derivative of 14*d**3/3 - d**2/2 + d + 11. What is the units digit of b(-2)?
9
Suppose 4*k - 11*k - 21 = 0. What is the tens digit of 199/3 - (-2)/(-6) - k?
6
Let b(h) = 3*h**2 - 30*h + 32. Let f(q) = -q**2 - q. Let r(u) = b(u) + 4*f(u). What is the tens digit of r(-19)?
1
Let c(b) = -b + 8. Let g be c(-6). What is the units digit of 162/21 + 4/g?
8
Suppose -5*m + 8*m = 6, -4*v + 5074 = m. What is the thousands digit of v?
1
Suppose -6*j + 3*j = -4*k, 0 = 5*j - k - 17. Suppose 8*z - 10*z - j = 0. What is the units digit of z/7 - 64/(-28)?
2
Suppose 0 = 4*r + 9 - 189. Let o be (r/2)/(4/16). Suppose 2*d = -3*b + o, -44 = 4*d + 2*b - 224. What is the units digit of d?
5
Let k(x) be the third derivative of -17*x**4/6 + x**3/3 + 2*x**2. Let s be k(-1). Let f = 99 - s. What is the tens digit of f?
2
Let h(c) = 32*c - 9. Let q be h(2). Suppose q = -4*z + 327. What is the tens digit of z?
6
Suppose 43182 = 13*a - 8636. What is the thousands digit of a?
3
What is the tens digit of (8 - -430) + (-2 - (-6)/(-2))?
3
Let o(i) = i - 2. Let y be o(10). Let p = -23 + y. What is the tens digit of p*4/((-24)/10)?
2
Let q(r) = 3*r**3 - r**2 + 2*r + 2. Let o be q(3). Let n = -48 + o. What is the units digit of n?
2
Let w = -40 + 44. Let b(k) = k**3 - 4*k**2 + 10*k - 8. What is the tens digit of b(w)?
3
Let a(q) = -274*q - 60. What is the units digit of a(-2)?
8
Let m